{"id":740,"date":"2024-04-06T17:18:47","date_gmt":"2024-04-06T15:18:47","guid":{"rendered":"https:\/\/csc-nbg.de\/?page_id=740"},"modified":"2024-05-22T22:46:31","modified_gmt":"2024-05-22T20:46:31","slug":"gmm-2024","status":"publish","type":"page","link":"https:\/\/csc-nbg.de\/index.php\/gmm-2024\/","title":{"rendered":"GMM 2024"},"content":{"rendered":"\n<p class=\"has-text-align-center has-background\" style=\"background:linear-gradient(135deg,rgb(255,245,203) 0%,rgb(153,214,193) 50%,rgb(49,177,47) 99%);font-size:22px\">Kommt zum <strong>Global Marijuana March 2024 N\u00fcrnberg <\/strong><br>am <strong>04.05.2024 ab 13 Uhr<\/strong><\/p>\n\n\n\n<p style=\"font-size:16px\">Start:  <strong>Rosenaupark<\/strong><br>Ziel:<strong>     Johann-Soergel-Weg<\/strong> (W\u00f6hrder Tal\u00fcbergang)<\/p>\n\n\n\n<p style=\"font-size:15px\">Liebe Freundinnen und Freunde, <br>Unterst\u00fctzerinnen und Unterst\u00fctzer,<br><br>ein Anfang ist seit dem 01.04.2024 in Deutschland geschafft, <br>aber die &#8222;S\u00e4ule 2&#8220; wartet noch auf ihre Realisierung.<br><br>Wir m\u00fcssen weg von der &#8222;maximal restriktiven Anwendung&#8220; eines Gesetzes, <br>das uns B\u00fcrger*innen mehr Freiheit &#8211; und der Justiz Entlastung bringen sollte.<br><br>Wir wollen hin zu einem normalen, geregelten Verkauf <br>&#8211; nat\u00fcrlich nur an Erwachsene \ud83e\udd1d<\/p>\n\n\n\n<p style=\"font-size:15px\">&#8230;auch f\u00fcr alle Bayer*innen \ud83d\udc9a<br>N\u00fcrnberg als Modellregion f\u00fcr S\u00e4ule 2 ! <br>May the 4th, be with us \u270a\ufe0f<\/p>\n\n\n\n<figure class=\"wp-block-image size-large\"><img loading=\"lazy\" decoding=\"async\" width=\"731\" height=\"1024\" src=\"https:\/\/csc-nbg.de\/wp-content\/uploads\/2024\/04\/GMM2024nbg-1-731x1024.png\" alt=\"\" class=\"wp-image-753\" srcset=\"https:\/\/csc-nbg.de\/wp-content\/uploads\/2024\/04\/GMM2024nbg-1-731x1024.png 731w, https:\/\/csc-nbg.de\/wp-content\/uploads\/2024\/04\/GMM2024nbg-1-357x500.png 357w, https:\/\/csc-nbg.de\/wp-content\/uploads\/2024\/04\/GMM2024nbg-1-768x1076.png 768w, https:\/\/csc-nbg.de\/wp-content\/uploads\/2024\/04\/GMM2024nbg-1-1096x1536.png 1096w, https:\/\/csc-nbg.de\/wp-content\/uploads\/2024\/04\/GMM2024nbg-1.png 1100w\" sizes=\"auto, (max-width: 731px) 100vw, 731px\" \/><\/figure>\n\n\n\n<p class=\"has-vivid-green-cyan-color has-text-color has-link-color wp-elements-f74da44d8ee504c06e459314e6183c44\" style=\"font-size:15px\"><strong>Gr\u00fcne Gr\u00fc\u00dfe<\/strong><\/p>\n\n\n\n<figure class=\"wp-block-image size-large is-resized\"><img loading=\"lazy\" decoding=\"async\" width=\"1024\" height=\"621\" src=\"https:\/\/csc-nbg.de\/wp-content\/uploads\/2024\/04\/CSC_Nbg_eV_seit_2016-1024x621.png\" alt=\"Cannabis Social Club N\u00fcrnberg e.V. \nseit 2016\" class=\"wp-image-749\" style=\"width:433px;height:auto\" srcset=\"https:\/\/csc-nbg.de\/wp-content\/uploads\/2024\/04\/CSC_Nbg_eV_seit_2016-1024x621.png 1024w, https:\/\/csc-nbg.de\/wp-content\/uploads\/2024\/04\/CSC_Nbg_eV_seit_2016-500x303.png 500w, https:\/\/csc-nbg.de\/wp-content\/uploads\/2024\/04\/CSC_Nbg_eV_seit_2016-768x465.png 768w, https:\/\/csc-nbg.de\/wp-content\/uploads\/2024\/04\/CSC_Nbg_eV_seit_2016.png 1132w\" sizes=\"auto, (max-width: 767px) 89vw, (max-width: 1000px) 54vw, (max-width: 1071px) 543px, 580px\" \/><\/figure>\n\n\n\n<p class=\"has-medium-font-size\"><br>Galerie: Impressionen vom GMM 2024 in N\u00fcrnberg<\/p>\n\n\n\n<figure class=\"wp-block-image size-large\"><img loading=\"lazy\" decoding=\"async\" width=\"1024\" height=\"768\" src=\"https:\/\/csc-nbg.de\/wp-content\/uploads\/2024\/05\/photo_2024-05-22_21-27-59-1-1024x768.jpg\" alt=\"\" class=\"wp-image-814\" srcset=\"https:\/\/csc-nbg.de\/wp-content\/uploads\/2024\/05\/photo_2024-05-22_21-27-59-1-1024x768.jpg 1024w, https:\/\/csc-nbg.de\/wp-content\/uploads\/2024\/05\/photo_2024-05-22_21-27-59-1-500x375.jpg 500w, https:\/\/csc-nbg.de\/wp-content\/uploads\/2024\/05\/photo_2024-05-22_21-27-59-1-768x576.jpg 768w, https:\/\/csc-nbg.de\/wp-content\/uploads\/2024\/05\/photo_2024-05-22_21-27-59-1.jpg 1280w\" sizes=\"auto, (max-width: 767px) 89vw, (max-width: 1000px) 54vw, (max-width: 1071px) 543px, 580px\" \/><\/figure>\n\n\n\n<figure class=\"wp-block-image size-large\"><img loading=\"lazy\" decoding=\"async\" width=\"1024\" height=\"768\" src=\"https:\/\/csc-nbg.de\/wp-content\/uploads\/2024\/05\/photo_2024-05-22_21-27-48-1-1024x768.jpg\" alt=\"\" class=\"wp-image-815\" srcset=\"https:\/\/csc-nbg.de\/wp-content\/uploads\/2024\/05\/photo_2024-05-22_21-27-48-1-1024x768.jpg 1024w, https:\/\/csc-nbg.de\/wp-content\/uploads\/2024\/05\/photo_2024-05-22_21-27-48-1-500x375.jpg 500w, https:\/\/csc-nbg.de\/wp-content\/uploads\/2024\/05\/photo_2024-05-22_21-27-48-1-768x576.jpg 768w, https:\/\/csc-nbg.de\/wp-content\/uploads\/2024\/05\/photo_2024-05-22_21-27-48-1.jpg 1280w\" sizes=\"auto, (max-width: 767px) 89vw, (max-width: 1000px) 54vw, (max-width: 1071px) 543px, 580px\" \/><\/figure>\n\n\n\n<figure class=\"wp-block-image size-large\"><img loading=\"lazy\" decoding=\"async\" width=\"1024\" height=\"768\" src=\"https:\/\/csc-nbg.de\/wp-content\/uploads\/2024\/05\/photo_2024-05-22_21-27-57-1-1024x768.jpg\" alt=\"\" class=\"wp-image-816\" srcset=\"https:\/\/csc-nbg.de\/wp-content\/uploads\/2024\/05\/photo_2024-05-22_21-27-57-1-1024x768.jpg 1024w, https:\/\/csc-nbg.de\/wp-content\/uploads\/2024\/05\/photo_2024-05-22_21-27-57-1-500x375.jpg 500w, https:\/\/csc-nbg.de\/wp-content\/uploads\/2024\/05\/photo_2024-05-22_21-27-57-1-768x576.jpg 768w, https:\/\/csc-nbg.de\/wp-content\/uploads\/2024\/05\/photo_2024-05-22_21-27-57-1.jpg 1280w\" sizes=\"auto, (max-width: 767px) 89vw, (max-width: 1000px) 54vw, (max-width: 1071px) 543px, 580px\" \/><\/figure>\n\n\n\n<figure class=\"wp-block-image size-large\"><img loading=\"lazy\" decoding=\"async\" width=\"1024\" height=\"682\" src=\"https:\/\/csc-nbg.de\/wp-content\/uploads\/2024\/05\/photo_2024-05-22_21-28-13-1-1024x682.jpg\" alt=\"\" class=\"wp-image-818\" srcset=\"https:\/\/csc-nbg.de\/wp-content\/uploads\/2024\/05\/photo_2024-05-22_21-28-13-1-1024x682.jpg 1024w, https:\/\/csc-nbg.de\/wp-content\/uploads\/2024\/05\/photo_2024-05-22_21-28-13-1-500x333.jpg 500w, https:\/\/csc-nbg.de\/wp-content\/uploads\/2024\/05\/photo_2024-05-22_21-28-13-1-768x512.jpg 768w, https:\/\/csc-nbg.de\/wp-content\/uploads\/2024\/05\/photo_2024-05-22_21-28-13-1.jpg 1280w\" sizes=\"auto, (max-width: 767px) 89vw, (max-width: 1000px) 54vw, (max-width: 1071px) 543px, 580px\" \/><\/figure>\n\n\n\n<figure class=\"wp-block-image size-large\"><img loading=\"lazy\" decoding=\"async\" width=\"1024\" height=\"682\" src=\"https:\/\/csc-nbg.de\/wp-content\/uploads\/2024\/05\/photo_2024-05-22_21-28-27-1-1024x682.jpg\" alt=\"\" class=\"wp-image-819\" srcset=\"https:\/\/csc-nbg.de\/wp-content\/uploads\/2024\/05\/photo_2024-05-22_21-28-27-1-1024x682.jpg 1024w, https:\/\/csc-nbg.de\/wp-content\/uploads\/2024\/05\/photo_2024-05-22_21-28-27-1-500x333.jpg 500w, https:\/\/csc-nbg.de\/wp-content\/uploads\/2024\/05\/photo_2024-05-22_21-28-27-1-768x512.jpg 768w, https:\/\/csc-nbg.de\/wp-content\/uploads\/2024\/05\/photo_2024-05-22_21-28-27-1.jpg 1280w\" sizes=\"auto, (max-width: 767px) 89vw, (max-width: 1000px) 54vw, (max-width: 1071px) 543px, 580px\" \/><\/figure>\n\n\n\n<figure class=\"wp-block-image size-large\"><img loading=\"lazy\" decoding=\"async\" width=\"1024\" height=\"682\" src=\"https:\/\/csc-nbg.de\/wp-content\/uploads\/2024\/05\/photo_2024-05-22_21-28-28-1-1024x682.jpg\" alt=\"\" class=\"wp-image-820\" srcset=\"https:\/\/csc-nbg.de\/wp-content\/uploads\/2024\/05\/photo_2024-05-22_21-28-28-1-1024x682.jpg 1024w, https:\/\/csc-nbg.de\/wp-content\/uploads\/2024\/05\/photo_2024-05-22_21-28-28-1-500x333.jpg 500w, https:\/\/csc-nbg.de\/wp-content\/uploads\/2024\/05\/photo_2024-05-22_21-28-28-1-768x512.jpg 768w, https:\/\/csc-nbg.de\/wp-content\/uploads\/2024\/05\/photo_2024-05-22_21-28-28-1.jpg 1280w\" sizes=\"auto, (max-width: 767px) 89vw, (max-width: 1000px) 54vw, (max-width: 1071px) 543px, 580px\" \/><\/figure>\n\n\n\n<figure class=\"wp-block-image size-large\"><img loading=\"lazy\" decoding=\"async\" width=\"1024\" height=\"682\" src=\"https:\/\/csc-nbg.de\/wp-content\/uploads\/2024\/05\/photo_2024-05-22_21-28-33-1-1024x682.jpg\" alt=\"\" class=\"wp-image-821\" srcset=\"https:\/\/csc-nbg.de\/wp-content\/uploads\/2024\/05\/photo_2024-05-22_21-28-33-1-1024x682.jpg 1024w, https:\/\/csc-nbg.de\/wp-content\/uploads\/2024\/05\/photo_2024-05-22_21-28-33-1-500x333.jpg 500w, https:\/\/csc-nbg.de\/wp-content\/uploads\/2024\/05\/photo_2024-05-22_21-28-33-1-768x512.jpg 768w, https:\/\/csc-nbg.de\/wp-content\/uploads\/2024\/05\/photo_2024-05-22_21-28-33-1.jpg 1280w\" sizes=\"auto, (max-width: 767px) 89vw, (max-width: 1000px) 54vw, (max-width: 1071px) 543px, 580px\" \/><\/figure>\n\n\n\n<figure class=\"wp-block-image size-large\"><img loading=\"lazy\" decoding=\"async\" width=\"1024\" height=\"682\" src=\"https:\/\/csc-nbg.de\/wp-content\/uploads\/2024\/05\/photo_2024-05-22_21-28-34-1-1024x682.jpg\" alt=\"\" class=\"wp-image-822\" srcset=\"https:\/\/csc-nbg.de\/wp-content\/uploads\/2024\/05\/photo_2024-05-22_21-28-34-1-1024x682.jpg 1024w, https:\/\/csc-nbg.de\/wp-content\/uploads\/2024\/05\/photo_2024-05-22_21-28-34-1-500x333.jpg 500w, https:\/\/csc-nbg.de\/wp-content\/uploads\/2024\/05\/photo_2024-05-22_21-28-34-1-768x512.jpg 768w, https:\/\/csc-nbg.de\/wp-content\/uploads\/2024\/05\/photo_2024-05-22_21-28-34-1.jpg 1280w\" sizes=\"auto, (max-width: 767px) 89vw, (max-width: 1000px) 54vw, (max-width: 1071px) 543px, 580px\" \/><\/figure>\n\n\n\n<figure class=\"wp-block-image size-large\"><img loading=\"lazy\" decoding=\"async\" width=\"1024\" height=\"682\" src=\"https:\/\/csc-nbg.de\/wp-content\/uploads\/2024\/05\/photo_2024-05-22_21-28-35-1-1024x682.jpg\" alt=\"\" class=\"wp-image-823\" srcset=\"https:\/\/csc-nbg.de\/wp-content\/uploads\/2024\/05\/photo_2024-05-22_21-28-35-1-1024x682.jpg 1024w, https:\/\/csc-nbg.de\/wp-content\/uploads\/2024\/05\/photo_2024-05-22_21-28-35-1-500x333.jpg 500w, https:\/\/csc-nbg.de\/wp-content\/uploads\/2024\/05\/photo_2024-05-22_21-28-35-1-768x512.jpg 768w, https:\/\/csc-nbg.de\/wp-content\/uploads\/2024\/05\/photo_2024-05-22_21-28-35-1.jpg 1280w\" sizes=\"auto, (max-width: 767px) 89vw, (max-width: 1000px) 54vw, (max-width: 1071px) 543px, 580px\" \/><\/figure>\n\n\n\n<figure class=\"wp-block-image size-large\"><img loading=\"lazy\" decoding=\"async\" width=\"1024\" height=\"682\" src=\"https:\/\/csc-nbg.de\/wp-content\/uploads\/2024\/05\/photo_2024-05-22_21-28-38-1-1024x682.jpg\" alt=\"\" class=\"wp-image-824\" srcset=\"https:\/\/csc-nbg.de\/wp-content\/uploads\/2024\/05\/photo_2024-05-22_21-28-38-1-1024x682.jpg 1024w, https:\/\/csc-nbg.de\/wp-content\/uploads\/2024\/05\/photo_2024-05-22_21-28-38-1-500x333.jpg 500w, https:\/\/csc-nbg.de\/wp-content\/uploads\/2024\/05\/photo_2024-05-22_21-28-38-1-768x512.jpg 768w, https:\/\/csc-nbg.de\/wp-content\/uploads\/2024\/05\/photo_2024-05-22_21-28-38-1.jpg 1280w\" sizes=\"auto, (max-width: 767px) 89vw, (max-width: 1000px) 54vw, (max-width: 1071px) 543px, 580px\" \/><\/figure>\n\n\n\n<figure class=\"wp-block-image size-large\"><img loading=\"lazy\" decoding=\"async\" width=\"1024\" height=\"682\" src=\"https:\/\/csc-nbg.de\/wp-content\/uploads\/2024\/05\/photo_2024-05-22_21-28-39-1-1024x682.jpg\" alt=\"\" class=\"wp-image-825\" srcset=\"https:\/\/csc-nbg.de\/wp-content\/uploads\/2024\/05\/photo_2024-05-22_21-28-39-1-1024x682.jpg 1024w, https:\/\/csc-nbg.de\/wp-content\/uploads\/2024\/05\/photo_2024-05-22_21-28-39-1-500x333.jpg 500w, https:\/\/csc-nbg.de\/wp-content\/uploads\/2024\/05\/photo_2024-05-22_21-28-39-1-768x512.jpg 768w, https:\/\/csc-nbg.de\/wp-content\/uploads\/2024\/05\/photo_2024-05-22_21-28-39-1.jpg 1280w\" sizes=\"auto, (max-width: 767px) 89vw, (max-width: 1000px) 54vw, (max-width: 1071px) 543px, 580px\" \/><\/figure>\n\n\n\n<figure class=\"wp-block-image size-large\"><img loading=\"lazy\" decoding=\"async\" width=\"1024\" height=\"682\" src=\"https:\/\/csc-nbg.de\/wp-content\/uploads\/2024\/05\/photo_2024-05-22_21-28-40-1-1024x682.jpg\" alt=\"\" class=\"wp-image-826\" srcset=\"https:\/\/csc-nbg.de\/wp-content\/uploads\/2024\/05\/photo_2024-05-22_21-28-40-1-1024x682.jpg 1024w, https:\/\/csc-nbg.de\/wp-content\/uploads\/2024\/05\/photo_2024-05-22_21-28-40-1-500x333.jpg 500w, https:\/\/csc-nbg.de\/wp-content\/uploads\/2024\/05\/photo_2024-05-22_21-28-40-1-768x512.jpg 768w, https:\/\/csc-nbg.de\/wp-content\/uploads\/2024\/05\/photo_2024-05-22_21-28-40-1.jpg 1280w\" sizes=\"auto, (max-width: 767px) 89vw, (max-width: 1000px) 54vw, (max-width: 1071px) 543px, 580px\" \/><\/figure>\n\n\n\n<figure class=\"wp-block-image size-large\"><img loading=\"lazy\" decoding=\"async\" width=\"1024\" height=\"682\" src=\"https:\/\/csc-nbg.de\/wp-content\/uploads\/2024\/05\/photo_2024-05-22_21-28-41-1-1024x682.jpg\" alt=\"\" class=\"wp-image-827\" srcset=\"https:\/\/csc-nbg.de\/wp-content\/uploads\/2024\/05\/photo_2024-05-22_21-28-41-1-1024x682.jpg 1024w, https:\/\/csc-nbg.de\/wp-content\/uploads\/2024\/05\/photo_2024-05-22_21-28-41-1-500x333.jpg 500w, https:\/\/csc-nbg.de\/wp-content\/uploads\/2024\/05\/photo_2024-05-22_21-28-41-1-768x512.jpg 768w, https:\/\/csc-nbg.de\/wp-content\/uploads\/2024\/05\/photo_2024-05-22_21-28-41-1.jpg 1280w\" sizes=\"auto, (max-width: 767px) 89vw, (max-width: 1000px) 54vw, (max-width: 1071px) 543px, 580px\" \/><\/figure>\n\n\n\n<figure class=\"wp-block-image size-large\"><img loading=\"lazy\" decoding=\"async\" width=\"1024\" height=\"682\" src=\"https:\/\/csc-nbg.de\/wp-content\/uploads\/2024\/05\/photo_2024-05-22_21-28-45-1-1024x682.jpg\" alt=\"\" class=\"wp-image-828\" srcset=\"https:\/\/csc-nbg.de\/wp-content\/uploads\/2024\/05\/photo_2024-05-22_21-28-45-1-1024x682.jpg 1024w, https:\/\/csc-nbg.de\/wp-content\/uploads\/2024\/05\/photo_2024-05-22_21-28-45-1-500x333.jpg 500w, https:\/\/csc-nbg.de\/wp-content\/uploads\/2024\/05\/photo_2024-05-22_21-28-45-1-768x512.jpg 768w, https:\/\/csc-nbg.de\/wp-content\/uploads\/2024\/05\/photo_2024-05-22_21-28-45-1.jpg 1280w\" sizes=\"auto, (max-width: 767px) 89vw, (max-width: 1000px) 54vw, (max-width: 1071px) 543px, 580px\" \/><\/figure>\n\n\n\n<figure class=\"wp-block-image size-large\"><img loading=\"lazy\" decoding=\"async\" width=\"1024\" height=\"682\" src=\"https:\/\/csc-nbg.de\/wp-content\/uploads\/2024\/05\/photo_2024-05-22_21-28-49-2-1024x682.jpg\" alt=\"\" class=\"wp-image-843\" srcset=\"https:\/\/csc-nbg.de\/wp-content\/uploads\/2024\/05\/photo_2024-05-22_21-28-49-2-1024x682.jpg 1024w, https:\/\/csc-nbg.de\/wp-content\/uploads\/2024\/05\/photo_2024-05-22_21-28-49-2-500x333.jpg 500w, https:\/\/csc-nbg.de\/wp-content\/uploads\/2024\/05\/photo_2024-05-22_21-28-49-2-768x512.jpg 768w, https:\/\/csc-nbg.de\/wp-content\/uploads\/2024\/05\/photo_2024-05-22_21-28-49-2.jpg 1280w\" sizes=\"auto, (max-width: 767px) 89vw, (max-width: 1000px) 54vw, (max-width: 1071px) 543px, 580px\" \/><\/figure>\n\n\n\n<figure class=\"wp-block-image size-large\"><img loading=\"lazy\" decoding=\"async\" width=\"768\" height=\"1024\" src=\"https:\/\/csc-nbg.de\/wp-content\/uploads\/2024\/05\/photo_2024-05-22_21-29-55-3-768x1024.jpg\" alt=\"\" class=\"wp-image-858\" srcset=\"https:\/\/csc-nbg.de\/wp-content\/uploads\/2024\/05\/photo_2024-05-22_21-29-55-3-768x1024.jpg 768w, https:\/\/csc-nbg.de\/wp-content\/uploads\/2024\/05\/photo_2024-05-22_21-29-55-3-375x500.jpg 375w, https:\/\/csc-nbg.de\/wp-content\/uploads\/2024\/05\/photo_2024-05-22_21-29-55-3.jpg 960w\" sizes=\"auto, (max-width: 767px) 89vw, (max-width: 1000px) 54vw, (max-width: 1071px) 543px, 580px\" \/><\/figure>\n\n\n\n<figure class=\"wp-block-image size-large\"><img loading=\"lazy\" decoding=\"async\" width=\"1024\" height=\"682\" src=\"https:\/\/csc-nbg.de\/wp-content\/uploads\/2024\/05\/photo_2024-05-22_21-28-50-2-1024x682.jpg\" alt=\"\" class=\"wp-image-844\" srcset=\"https:\/\/csc-nbg.de\/wp-content\/uploads\/2024\/05\/photo_2024-05-22_21-28-50-2-1024x682.jpg 1024w, https:\/\/csc-nbg.de\/wp-content\/uploads\/2024\/05\/photo_2024-05-22_21-28-50-2-500x333.jpg 500w, https:\/\/csc-nbg.de\/wp-content\/uploads\/2024\/05\/photo_2024-05-22_21-28-50-2-768x512.jpg 768w, https:\/\/csc-nbg.de\/wp-content\/uploads\/2024\/05\/photo_2024-05-22_21-28-50-2.jpg 1280w\" sizes=\"auto, (max-width: 767px) 89vw, (max-width: 1000px) 54vw, (max-width: 1071px) 543px, 580px\" \/><\/figure>\n\n\n\n<figure class=\"wp-block-image size-large\"><img loading=\"lazy\" decoding=\"async\" width=\"1024\" height=\"682\" src=\"https:\/\/csc-nbg.de\/wp-content\/uploads\/2024\/05\/photo_2024-05-22_21-28-51-3-1024x682.jpg\" alt=\"\" class=\"wp-image-846\" srcset=\"https:\/\/csc-nbg.de\/wp-content\/uploads\/2024\/05\/photo_2024-05-22_21-28-51-3-1024x682.jpg 1024w, https:\/\/csc-nbg.de\/wp-content\/uploads\/2024\/05\/photo_2024-05-22_21-28-51-3-500x333.jpg 500w, https:\/\/csc-nbg.de\/wp-content\/uploads\/2024\/05\/photo_2024-05-22_21-28-51-3-768x512.jpg 768w, https:\/\/csc-nbg.de\/wp-content\/uploads\/2024\/05\/photo_2024-05-22_21-28-51-3.jpg 1280w\" sizes=\"auto, (max-width: 767px) 89vw, (max-width: 1000px) 54vw, (max-width: 1071px) 543px, 580px\" \/><\/figure>\n\n\n\n<figure class=\"wp-block-image size-large\"><img loading=\"lazy\" decoding=\"async\" width=\"1024\" height=\"682\" src=\"https:\/\/csc-nbg.de\/wp-content\/uploads\/2024\/05\/photo_2024-05-22_21-28-53-2-1024x682.jpg\" alt=\"\" class=\"wp-image-847\" srcset=\"https:\/\/csc-nbg.de\/wp-content\/uploads\/2024\/05\/photo_2024-05-22_21-28-53-2-1024x682.jpg 1024w, https:\/\/csc-nbg.de\/wp-content\/uploads\/2024\/05\/photo_2024-05-22_21-28-53-2-500x333.jpg 500w, https:\/\/csc-nbg.de\/wp-content\/uploads\/2024\/05\/photo_2024-05-22_21-28-53-2-768x512.jpg 768w, https:\/\/csc-nbg.de\/wp-content\/uploads\/2024\/05\/photo_2024-05-22_21-28-53-2.jpg 1280w\" sizes=\"auto, (max-width: 767px) 89vw, (max-width: 1000px) 54vw, (max-width: 1071px) 543px, 580px\" \/><\/figure>\n\n\n\n<figure class=\"wp-block-image size-large\"><img loading=\"lazy\" decoding=\"async\" width=\"1024\" height=\"682\" src=\"https:\/\/csc-nbg.de\/wp-content\/uploads\/2024\/05\/photo_2024-05-22_21-28-54-2-1024x682.jpg\" alt=\"\" class=\"wp-image-848\" srcset=\"https:\/\/csc-nbg.de\/wp-content\/uploads\/2024\/05\/photo_2024-05-22_21-28-54-2-1024x682.jpg 1024w, https:\/\/csc-nbg.de\/wp-content\/uploads\/2024\/05\/photo_2024-05-22_21-28-54-2-500x333.jpg 500w, https:\/\/csc-nbg.de\/wp-content\/uploads\/2024\/05\/photo_2024-05-22_21-28-54-2-768x512.jpg 768w, https:\/\/csc-nbg.de\/wp-content\/uploads\/2024\/05\/photo_2024-05-22_21-28-54-2.jpg 1280w\" sizes=\"auto, (max-width: 767px) 89vw, (max-width: 1000px) 54vw, (max-width: 1071px) 543px, 580px\" \/><\/figure>\n\n\n\n<figure class=\"wp-block-image size-large\"><img loading=\"lazy\" decoding=\"async\" width=\"1024\" height=\"768\" src=\"https:\/\/csc-nbg.de\/wp-content\/uploads\/2024\/05\/photo_2024-05-22_21-28-56-2-1024x768.jpg\" alt=\"\" class=\"wp-image-849\" srcset=\"https:\/\/csc-nbg.de\/wp-content\/uploads\/2024\/05\/photo_2024-05-22_21-28-56-2-1024x768.jpg 1024w, https:\/\/csc-nbg.de\/wp-content\/uploads\/2024\/05\/photo_2024-05-22_21-28-56-2-500x375.jpg 500w, https:\/\/csc-nbg.de\/wp-content\/uploads\/2024\/05\/photo_2024-05-22_21-28-56-2-768x576.jpg 768w, https:\/\/csc-nbg.de\/wp-content\/uploads\/2024\/05\/photo_2024-05-22_21-28-56-2.jpg 1280w\" sizes=\"auto, (max-width: 767px) 89vw, (max-width: 1000px) 54vw, (max-width: 1071px) 543px, 580px\" \/><\/figure>\n\n\n\n<figure class=\"wp-block-image size-large\"><img loading=\"lazy\" decoding=\"async\" width=\"1024\" height=\"768\" src=\"https:\/\/csc-nbg.de\/wp-content\/uploads\/2024\/05\/photo_2024-05-22_21-29-00-2-1024x768.jpg\" alt=\"\" class=\"wp-image-850\" srcset=\"https:\/\/csc-nbg.de\/wp-content\/uploads\/2024\/05\/photo_2024-05-22_21-29-00-2-1024x768.jpg 1024w, https:\/\/csc-nbg.de\/wp-content\/uploads\/2024\/05\/photo_2024-05-22_21-29-00-2-500x375.jpg 500w, https:\/\/csc-nbg.de\/wp-content\/uploads\/2024\/05\/photo_2024-05-22_21-29-00-2-768x576.jpg 768w, https:\/\/csc-nbg.de\/wp-content\/uploads\/2024\/05\/photo_2024-05-22_21-29-00-2.jpg 1280w\" sizes=\"auto, (max-width: 767px) 89vw, (max-width: 1000px) 54vw, (max-width: 1071px) 543px, 580px\" \/><\/figure>\n\n\n\n<figure class=\"wp-block-image size-large\"><img loading=\"lazy\" decoding=\"async\" width=\"1024\" height=\"768\" src=\"https:\/\/csc-nbg.de\/wp-content\/uploads\/2024\/05\/photo_2024-05-22_21-29-05-2-1024x768.jpg\" alt=\"\" class=\"wp-image-851\" srcset=\"https:\/\/csc-nbg.de\/wp-content\/uploads\/2024\/05\/photo_2024-05-22_21-29-05-2-1024x768.jpg 1024w, https:\/\/csc-nbg.de\/wp-content\/uploads\/2024\/05\/photo_2024-05-22_21-29-05-2-500x375.jpg 500w, https:\/\/csc-nbg.de\/wp-content\/uploads\/2024\/05\/photo_2024-05-22_21-29-05-2-768x576.jpg 768w, https:\/\/csc-nbg.de\/wp-content\/uploads\/2024\/05\/photo_2024-05-22_21-29-05-2.jpg 1280w\" sizes=\"auto, (max-width: 767px) 89vw, (max-width: 1000px) 54vw, (max-width: 1071px) 543px, 580px\" \/><\/figure>\n\n\n\n<figure class=\"wp-block-image size-large\"><img loading=\"lazy\" decoding=\"async\" width=\"1024\" height=\"768\" src=\"https:\/\/csc-nbg.de\/wp-content\/uploads\/2024\/05\/photo_2024-05-22_21-29-06-2-1024x768.jpg\" alt=\"\" class=\"wp-image-852\" srcset=\"https:\/\/csc-nbg.de\/wp-content\/uploads\/2024\/05\/photo_2024-05-22_21-29-06-2-1024x768.jpg 1024w, https:\/\/csc-nbg.de\/wp-content\/uploads\/2024\/05\/photo_2024-05-22_21-29-06-2-500x375.jpg 500w, https:\/\/csc-nbg.de\/wp-content\/uploads\/2024\/05\/photo_2024-05-22_21-29-06-2-768x576.jpg 768w, https:\/\/csc-nbg.de\/wp-content\/uploads\/2024\/05\/photo_2024-05-22_21-29-06-2.jpg 1280w\" sizes=\"auto, (max-width: 767px) 89vw, (max-width: 1000px) 54vw, (max-width: 1071px) 543px, 580px\" \/><\/figure>\n\n\n\n<figure class=\"wp-block-image size-large\"><img loading=\"lazy\" decoding=\"async\" width=\"1024\" height=\"768\" src=\"https:\/\/csc-nbg.de\/wp-content\/uploads\/2024\/05\/photo_2024-05-22_21-29-07-2-1024x768.jpg\" alt=\"\" class=\"wp-image-853\" srcset=\"https:\/\/csc-nbg.de\/wp-content\/uploads\/2024\/05\/photo_2024-05-22_21-29-07-2-1024x768.jpg 1024w, https:\/\/csc-nbg.de\/wp-content\/uploads\/2024\/05\/photo_2024-05-22_21-29-07-2-500x375.jpg 500w, https:\/\/csc-nbg.de\/wp-content\/uploads\/2024\/05\/photo_2024-05-22_21-29-07-2-768x576.jpg 768w, https:\/\/csc-nbg.de\/wp-content\/uploads\/2024\/05\/photo_2024-05-22_21-29-07-2.jpg 1280w\" sizes=\"auto, (max-width: 767px) 89vw, (max-width: 1000px) 54vw, (max-width: 1071px) 543px, 580px\" \/><\/figure>\n\n\n\n<figure class=\"wp-block-image size-large\"><img loading=\"lazy\" decoding=\"async\" width=\"1024\" height=\"768\" src=\"https:\/\/csc-nbg.de\/wp-content\/uploads\/2024\/05\/photo_2024-05-22_21-29-15-2-1024x768.jpg\" alt=\"\" class=\"wp-image-854\" srcset=\"https:\/\/csc-nbg.de\/wp-content\/uploads\/2024\/05\/photo_2024-05-22_21-29-15-2-1024x768.jpg 1024w, https:\/\/csc-nbg.de\/wp-content\/uploads\/2024\/05\/photo_2024-05-22_21-29-15-2-500x375.jpg 500w, https:\/\/csc-nbg.de\/wp-content\/uploads\/2024\/05\/photo_2024-05-22_21-29-15-2-768x576.jpg 768w, https:\/\/csc-nbg.de\/wp-content\/uploads\/2024\/05\/photo_2024-05-22_21-29-15-2.jpg 1280w\" sizes=\"auto, (max-width: 767px) 89vw, (max-width: 1000px) 54vw, (max-width: 1071px) 543px, 580px\" \/><\/figure>\n\n\n\n<figure class=\"wp-block-image size-large\"><img loading=\"lazy\" decoding=\"async\" width=\"1024\" height=\"768\" src=\"https:\/\/csc-nbg.de\/wp-content\/uploads\/2024\/05\/photo_2024-05-22_21-29-16-2-1024x768.jpg\" alt=\"\" class=\"wp-image-855\" srcset=\"https:\/\/csc-nbg.de\/wp-content\/uploads\/2024\/05\/photo_2024-05-22_21-29-16-2-1024x768.jpg 1024w, https:\/\/csc-nbg.de\/wp-content\/uploads\/2024\/05\/photo_2024-05-22_21-29-16-2-500x375.jpg 500w, https:\/\/csc-nbg.de\/wp-content\/uploads\/2024\/05\/photo_2024-05-22_21-29-16-2-768x576.jpg 768w, https:\/\/csc-nbg.de\/wp-content\/uploads\/2024\/05\/photo_2024-05-22_21-29-16-2.jpg 1280w\" sizes=\"auto, (max-width: 767px) 89vw, (max-width: 1000px) 54vw, (max-width: 1071px) 543px, 580px\" \/><\/figure>\n\n\n\n<figure class=\"wp-block-image size-large\"><img loading=\"lazy\" decoding=\"async\" width=\"1024\" height=\"576\" src=\"https:\/\/csc-nbg.de\/wp-content\/uploads\/2024\/05\/photo_2024-05-22_21-30-36-2-1024x576.jpg\" alt=\"\" class=\"wp-image-857\" srcset=\"https:\/\/csc-nbg.de\/wp-content\/uploads\/2024\/05\/photo_2024-05-22_21-30-36-2-1024x576.jpg 1024w, https:\/\/csc-nbg.de\/wp-content\/uploads\/2024\/05\/photo_2024-05-22_21-30-36-2-500x281.jpg 500w, https:\/\/csc-nbg.de\/wp-content\/uploads\/2024\/05\/photo_2024-05-22_21-30-36-2-768x432.jpg 768w, https:\/\/csc-nbg.de\/wp-content\/uploads\/2024\/05\/photo_2024-05-22_21-30-36-2.jpg 1280w\" sizes=\"auto, (max-width: 767px) 89vw, (max-width: 1000px) 54vw, (max-width: 1071px) 543px, 580px\" \/><\/figure>\n","protected":false},"excerpt":{"rendered":"<p>Kommt zum Global Marijuana March 2024 N\u00fcrnberg am 04.05.2024 ab 13 Uhr Start: RosenauparkZiel: Johann-Soergel-Weg (W\u00f6hrder Tal\u00fcbergang) Liebe Freundinnen und Freunde, Unterst\u00fctzerinnen und Unterst\u00fctzer, ein Anfang ist seit dem 01.04.2024 in Deutschland geschafft, aber die &#8222;S\u00e4ule 2&#8220; wartet noch auf ihre Realisierung. Wir m\u00fcssen weg von der &#8222;maximal restriktiven Anwendung&#8220; eines Gesetzes, das uns B\u00fcrger*innen &hellip; <\/p>\n<p class=\"link-more\"><a href=\"https:\/\/csc-nbg.de\/index.php\/gmm-2024\/\" class=\"more-link\"><span class=\"screen-reader-text\">\u201eGMM 2024\u201c <\/span>weiterlesen<\/a><\/p>\n","protected":false},"author":1,"featured_media":0,"parent":0,"menu_order":0,"comment_status":"closed","ping_status":"closed","template":"","meta":{"footnotes":""},"class_list":["post-740","page","type-page","status-publish","hentry"],"_links":{"self":[{"href":"https:\/\/csc-nbg.de\/index.php\/wp-json\/wp\/v2\/pages\/740","targetHints":{"allow":["GET"]}}],"collection":[{"href":"https:\/\/csc-nbg.de\/index.php\/wp-json\/wp\/v2\/pages"}],"about":[{"href":"https:\/\/csc-nbg.de\/index.php\/wp-json\/wp\/v2\/types\/page"}],"author":[{"embeddable":true,"href":"https:\/\/csc-nbg.de\/index.php\/wp-json\/wp\/v2\/users\/1"}],"replies":[{"embeddable":true,"href":"https:\/\/csc-nbg.de\/index.php\/wp-json\/wp\/v2\/comments?post=740"}],"version-history":[{"count":19,"href":"https:\/\/csc-nbg.de\/index.php\/wp-json\/wp\/v2\/pages\/740\/revisions"}],"predecessor-version":[{"id":864,"href":"https:\/\/csc-nbg.de\/index.php\/wp-json\/wp\/v2\/pages\/740\/revisions\/864"}],"wp:attachment":[{"href":"https:\/\/csc-nbg.de\/index.php\/wp-json\/wp\/v2\/media?parent=740"}],"curies":[{"name":"wp","href":"https:\/\/api.w.org\/{rel}","templated":true}]}}