{"id":441,"date":"2022-10-13T17:25:01","date_gmt":"2022-10-13T15:25:01","guid":{"rendered":"https:\/\/csc-nbg.de\/?page_id=441"},"modified":"2023-04-15T19:31:54","modified_gmt":"2023-04-15T17:31:54","slug":"gmm-2022","status":"publish","type":"page","link":"https:\/\/csc-nbg.de\/index.php\/gmm-2022\/","title":{"rendered":"GMM 2022"},"content":{"rendered":"\n<p>Auf zum Global Marijuana March 2022<\/p>\n\n\n\n<figure class=\"wp-block-image size-large\"><a href=\"https:\/\/www.youtube.com\/watch?v=MENDk4CZZVQ\"><img loading=\"lazy\" decoding=\"async\" width=\"1024\" height=\"576\" src=\"https:\/\/csc-nbg.de\/wp-content\/uploads\/2023\/04\/Screenshot_2023-04-15-Auf-zum-Global-Marijuana-March-2022-1024x576.png\" alt=\"\" class=\"wp-image-592\" srcset=\"https:\/\/csc-nbg.de\/wp-content\/uploads\/2023\/04\/Screenshot_2023-04-15-Auf-zum-Global-Marijuana-March-2022-1024x576.png 1024w, https:\/\/csc-nbg.de\/wp-content\/uploads\/2023\/04\/Screenshot_2023-04-15-Auf-zum-Global-Marijuana-March-2022-500x281.png 500w, https:\/\/csc-nbg.de\/wp-content\/uploads\/2023\/04\/Screenshot_2023-04-15-Auf-zum-Global-Marijuana-March-2022-768x432.png 768w, https:\/\/csc-nbg.de\/wp-content\/uploads\/2023\/04\/Screenshot_2023-04-15-Auf-zum-Global-Marijuana-March-2022.png 1195w\" sizes=\"auto, (max-width: 767px) 89vw, (max-width: 1000px) 54vw, (max-width: 1071px) 543px, 580px\" \/><\/a><\/figure>\n\n\n\n<p><em>(Mit einem Klick auf dieses Bild kannst du dir das Video auf Youtube ansehen)<\/em><\/p>\n\n\n\n<p>Demonstration f\u00fcr die Legalisierung von Cannabis am 07.05.2022<\/p>\n\n\n\n<p>Am Samstag, den 07. Mai findet um 13:00 Uhr unter der Theodor-Heuss-Br\u00fccke am Pegnitzgrund in N\u00fcrnberg unsere traditionelle Kundgebung im Rahmen des j\u00e4hrlichen, weltweiten &#8222;Global Marijuana March&#8220; Unser diesj\u00e4hriges Motto lautet \u201eSchluss mit Warten: Gras in den Garten!\u201c. Aufgrund der besonderen Umst\u00e4nde in diesem Jahr haben wir vom CSC N\u00fcrnberg beschlo\u00dfen auf eine Marschroute zu verzichten und die Veranstaltung als feste Kundgebung abzuhalten.<\/p>\n\n\n\n<p>Musikalische Unterst\u00fctzung erhalten wir durch Bbou + DJ Sticky und Tsunami Soundsystem. <br>Der CSC Nbg e.V. organisiert mit Unterst\u00fctzung des Deutschen Hanfverbands und diversen Sponsoren die Demonstration in N\u00fcrnberg, um f\u00fcr ein Ende des unsinnigen und sch\u00e4dlichen Hanfverbots zu demonstrieren. Bitte unterst\u00fctzt uns durch Plakate oder Banner, gerne selbst gemalt oder gebastelt.<\/p>\n\n\n\n<figure class=\"wp-block-image size-large is-resized gmmimg\"><a href=\"https:\/\/csc-nbg.de\/wp-content\/uploads\/2022\/04\/TEST.jpg\"><img loading=\"lazy\" decoding=\"async\" src=\"https:\/\/csc-nbg.de\/wp-content\/uploads\/2022\/04\/TEST.jpg\" alt=\"\" class=\"wp-image-383\" width=\"291\" height=\"410\" srcset=\"https:\/\/csc-nbg.de\/wp-content\/uploads\/2022\/04\/TEST.jpg 453w, https:\/\/csc-nbg.de\/wp-content\/uploads\/2022\/04\/TEST-354x500.jpg 354w\" sizes=\"auto, (max-width: 291px) 100vw, 291px\" \/><\/a><\/figure>\n\n\n\n<div style=\"height:50px\" aria-hidden=\"true\" class=\"wp-block-spacer\"><\/div>\n\n\n\n<hr class=\"wp-block-separator has-alpha-channel-opacity\"\/>\n\n\n\n<div style=\"height:50px\" aria-hidden=\"true\" class=\"wp-block-spacer\"><\/div>\n\n\n\n<p>Global Marijuana March N\u00fcrnberg 2022 &#8211; Eigenanbau ist Menschenrecht!<\/p>\n\n\n\n<p><em>&#8222;Mai 2022 &#8211; Global Marijuana March N\u00fcrnberg&#8220;<\/em><\/p>\n\n\n\n<figure class=\"wp-block-image size-large\"><a href=\"https:\/\/www.youtube.com\/watch?v=O8qsSNqIEnw&amp;t=106s \"><img loading=\"lazy\" decoding=\"async\" width=\"1024\" height=\"576\" src=\"https:\/\/csc-nbg.de\/wp-content\/uploads\/2023\/04\/Screenshot_2023-04-15-Global-Marijuana-March-Nuernberg-2022-Eigenanbau-ist-Menschenrecht--1024x576.png\" alt=\"\" class=\"wp-image-521\" srcset=\"https:\/\/csc-nbg.de\/wp-content\/uploads\/2023\/04\/Screenshot_2023-04-15-Global-Marijuana-March-Nuernberg-2022-Eigenanbau-ist-Menschenrecht--1024x576.png 1024w, https:\/\/csc-nbg.de\/wp-content\/uploads\/2023\/04\/Screenshot_2023-04-15-Global-Marijuana-March-Nuernberg-2022-Eigenanbau-ist-Menschenrecht--500x281.png 500w, https:\/\/csc-nbg.de\/wp-content\/uploads\/2023\/04\/Screenshot_2023-04-15-Global-Marijuana-March-Nuernberg-2022-Eigenanbau-ist-Menschenrecht--768x432.png 768w, https:\/\/csc-nbg.de\/wp-content\/uploads\/2023\/04\/Screenshot_2023-04-15-Global-Marijuana-March-Nuernberg-2022-Eigenanbau-ist-Menschenrecht-.png 1195w\" sizes=\"auto, (max-width: 767px) 89vw, (max-width: 1000px) 54vw, (max-width: 1071px) 543px, 580px\" \/><\/a><\/figure>\n\n\n\n<p><em>(Mit einem Klick auf dieses Bild kannst du dir das Video auf Youtube ansehen)<\/em><\/p>\n","protected":false},"excerpt":{"rendered":"<p>Auf zum Global Marijuana March 2022 (Mit einem Klick auf dieses Bild kannst du dir das Video auf Youtube ansehen) Demonstration f\u00fcr die Legalisierung von Cannabis am 07.05.2022 Am Samstag, den 07. Mai findet um 13:00 Uhr unter der Theodor-Heuss-Br\u00fccke am Pegnitzgrund in N\u00fcrnberg unsere traditionelle Kundgebung im Rahmen des j\u00e4hrlichen, weltweiten &#8222;Global Marijuana March&#8220; &hellip; <\/p>\n<p class=\"link-more\"><a href=\"https:\/\/csc-nbg.de\/index.php\/gmm-2022\/\" class=\"more-link\"><span class=\"screen-reader-text\">\u201eGMM 2022\u201c <\/span>weiterlesen<\/a><\/p>\n","protected":false},"author":1,"featured_media":0,"parent":0,"menu_order":0,"comment_status":"closed","ping_status":"closed","template":"","meta":{"footnotes":""},"class_list":["post-441","page","type-page","status-publish","hentry"],"_links":{"self":[{"href":"https:\/\/csc-nbg.de\/index.php\/wp-json\/wp\/v2\/pages\/441","targetHints":{"allow":["GET"]}}],"collection":[{"href":"https:\/\/csc-nbg.de\/index.php\/wp-json\/wp\/v2\/pages"}],"about":[{"href":"https:\/\/csc-nbg.de\/index.php\/wp-json\/wp\/v2\/types\/page"}],"author":[{"embeddable":true,"href":"https:\/\/csc-nbg.de\/index.php\/wp-json\/wp\/v2\/users\/1"}],"replies":[{"embeddable":true,"href":"https:\/\/csc-nbg.de\/index.php\/wp-json\/wp\/v2\/comments?post=441"}],"version-history":[{"count":7,"href":"https:\/\/csc-nbg.de\/index.php\/wp-json\/wp\/v2\/pages\/441\/revisions"}],"predecessor-version":[{"id":597,"href":"https:\/\/csc-nbg.de\/index.php\/wp-json\/wp\/v2\/pages\/441\/revisions\/597"}],"wp:attachment":[{"href":"https:\/\/csc-nbg.de\/index.php\/wp-json\/wp\/v2\/media?parent=441"}],"curies":[{"name":"wp","href":"https:\/\/api.w.org\/{rel}","templated":true}]}}