{"id":1141,"date":"2026-05-09T16:19:03","date_gmt":"2026-05-09T14:19:03","guid":{"rendered":"https:\/\/csc-nbg.de\/?page_id=1141"},"modified":"2026-05-09T16:19:03","modified_gmt":"2026-05-09T14:19:03","slug":"kein-kulturkampf","status":"publish","type":"page","link":"https:\/\/csc-nbg.de\/index.php\/kein-kulturkampf\/","title":{"rendered":"Kein Kulturkampf"},"content":{"rendered":"\n<h2 class=\"wp-block-heading\">Kein Kulturkampf auf dem R\u00fccken von Patient:innen! <\/h2>\n\n\n\n<p>Die geplante <strong>Streichung der Kosten\u00fcbernahme<\/strong> f\u00fcr medizinische <strong>Cannabisbl\u00fcten <\/strong>w\u00fcrde vor allem schwerkranke und chronisch kranke Menschen treffen. W\u00e4hrend wissenschaftliche Erkenntnisse ignoriert werden, wird die Debatte zunehmend ideologisch gef\u00fchrt.<\/p>\n\n\n\n<p>\ud83d\udfe2 Medizinisches Cannabis ist keine Ideologiefrage.<br>\ud83d\udfe2 <strong>Cannabisbl\u00fcten sind<\/strong> <strong>nicht <\/strong>einfach durch Extrakte <strong>ersetzbar<\/strong>.<br>\ud83d\udfe2 Chronisch kranke Menschen d\u00fcrfen nicht <strong>Opfer symbolischer Politik<\/strong> werden.<\/p>\n\n\n\n<p>Beteilige dich an unserer E-Mail-Aktion an SPD-Bundestagsmitglieder (bei der Union ist Hopfen und Malz verloren).<\/p>\n\n\n\n<p>\ud83d\udc49 Klick auf E-Mail-Adressen kopieren &#8211; die Adressen aller SPD Bundestagsmitglieder sind in deiner Zwischenablage gepspeichert<\/p>\n\n\n\n<style>.franziBtn {opacity:1 !important; background:#459757 !important;\n  color:white;padding:10px 16px;border:none;border-radius:4px;cursor:pointer;\n  line-height: 26px;  \n      text-decoration: none;\n      border: none;\n      box-shadow: none;\n    background:rgb(31 71 40);\n      padding: 8px 20px;\n      border-radius: 4px;\n      display: inline-block;\n      color:white !important;\n      box-shadow:none !important;\n      font-weight:normal !important;\n  } \n  .franziBtn:hover {background:rgba(31,71,40,.85) !important;}\n  <\/style>\n\n  \n<div id=\"spd-mails\" style=\"display:none;\">\nsanae.abdi@bundestag.de; adis.ahmetovic@bundestag.de; reem.alabali-radovan@bundestag.de; daniel.baldy@bundestag.de; soeren.bartol@bundestag.de; baerbel.bas@bundestag.de; jens.behrens@bundestag.de; daniel.bettermann@bundestag.de; jakob.blankenburg@bundestag.de; hendrik.bollmann@bundestag.de; isabel.cademartori@bundestag.de; lars.castellucci@bundestag.de; juergen.cosse@bundestag.de; hakan.demir@bundestag.de; jan.dieren@bundestag.de; esther.dilcher@bundestag.de; sabine.dittmar@bundestag.de; felix.doering@bundestag.de; falko.drossmann@bundestag.de; sonja.eichwede@bundestag.de; wiebke.esdar@bundestag.de; saskia.esken@bundestag.de; nancy.faeser@bundestag.de; johannes.fechner@bundestag.de; sebastian.fiedler@bundestag.de; martin.gerster@bundestag.de; angelika.gloeckner@bundestag.de; kerstin.griese@bundestag.de; bettina.hagedorn@bundestag.de; metin.hakverdi@bundestag.de; sebastian.hartmann@bundestag.de; hubertus.heil@bundestag.de; frauke.heiligenstadt@bundestag.de; gabriela.heinrich@bundestag.de; nadine.heselhaus@bundestag.de; heike.heubach@bundestag.de; jasmina.hostert@bundestag.de; verena.hubertz@bundestag.de; frank.junge@bundestag.de; oliver.kaczmarek@bundestag.de; elisabeth.kaiser@bundestag.de; macit.karaahmetoglu@bundestag.de; franziska.kersten@bundestag.de; helmut.kleebank@bundestag.de; lars.klingbeil@bundestag.de; annika.klose@bundestag.de; tim.kluessendorf@bundestag.de; baerbel.kofler@bundestag.de; anette.kramme@bundestag.de; dunja.kreiser@bundestag.de; martin.kroeber@bundestag.de; karl.lauterbach@bundestag.de; esra-leon.limbacher@bundestag.de; helge.lindh@bundestag.de; bettina.lugk@bundestag.de; tanja.machalet@bundestag.de; isabel.mackensen-geis@bundestag.de; holger.mann@bundestag.de; parsa.marvi@bundestag.de; katja.mast@bundestag.de; kathrin.michel@bundestag.de; matthias.miersch@bundestag.de; matthias.mieves@bundestag.de; claudia.moll@bundestag.de; siemtje.moeller@bundestag.de; rolf.muetzenich@bundestag.de; rasha.nasr@bundestag.de; josephine.ortleb@bundestag.de; mahmut.oezdemir@bundestag.de; aydan.oezoguz@bundestag.de; christos.pantazis@bundestag.de; natalie.pawlik@bundestag.de; jens.peick@bundestag.de; boris.pistorius@bundestag.de; sabine.poschmann@bundestag.de; martin.rabanus@bundestag.de; truels.reichardt@bundestag.de; daniel.rinkert@bundestag.de; dennis.rohde@bundestag.de; sebastian.roloff@bundestag.de; philipp.rottwilm@bundestag.de; thorsten.rudolph@bundestag.de; daniela.rump@bundestag.de; bernd.ruetzel@bundestag.de; johann.saathoff@bundestag.de; johannes.schaetzl@bundestag.de; nina.scheer@bundestag.de; christoph.schmid@bundestag.de; nils.schmid@bundestag.de; dagmar.schmidt@bundestag.de; uwe.schmidt@bundestag.de; carsten.schneider@bundestag.de; olaf.scholz@bundestag.de; johannes.schraps@bundestag.de; michael.schrodi@bundestag.de; svenja.schulze@bundestag.de; frank.schwabe@bundestag.de; stefan.schwartze@bundestag.de; andreas.schwarz@bundestag.de; rita.schwarzeluehr-sutter@bundestag.de; lina.seitzl@bundestag.de; svenja.stadler@bundestag.de; ralf.stegner@bundestag.de; ruppert.stuewe@bundestag.de; michael.thews@bundestag.de; markus.toens@bundestag.de; carsten.traeger@bundestag.de; anja.troff-schaffarzyk@bundestag.de; derya.tuerk-nachbaur@bundestag.de; ingo.vogel@bundestag.de; marja.voellers@bundestag.de; dirk.voepel@bundestag.de; carolin.wagner@bundestag.de; maja.wallstein@bundestag.de; daniel.walter@bundestag.de; carmen.wegge@bundestag.de; dirk.wiese@bundestag.de; serdar.yueksel@bundestag.de; stefan.zierke@bundestag.de; armand.zorn@bundestag.de\n<\/div>\n\n<div id=\"spd-mails-mac\" style=\"display:none;\">\nsanae.abdi@bundestag.de, adis.ahmetovic@bundestag.de, reem.alabali-radovan@bundestag.de, daniel.baldy@bundestag.de, soeren.bartol@bundestag.de, baerbel.bas@bundestag.de, jens.behrens@bundestag.de, daniel.bettermann@bundestag.de, jakob.blankenburg@bundestag.de, hendrik.bollmann@bundestag.de, isabel.cademartori@bundestag.de, lars.castellucci@bundestag.de, juergen.cosse@bundestag.de, hakan.demir@bundestag.de, jan.dieren@bundestag.de, esther.dilcher@bundestag.de, sabine.dittmar@bundestag.de, felix.doering@bundestag.de, falko.drossmann@bundestag.de, sonja.eichwede@bundestag.de, wiebke.esdar@bundestag.de, saskia.esken@bundestag.de, nancy.faeser@bundestag.de, johannes.fechner@bundestag.de, sebastian.fiedler@bundestag.de, martin.gerster@bundestag.de, angelika.gloeckner@bundestag.de, kerstin.griese@bundestag.de, bettina.hagedorn@bundestag.de, metin.hakverdi@bundestag.de, sebastian.hartmann@bundestag.de, hubertus.heil@bundestag.de, frauke.heiligenstadt@bundestag.de, gabriela.heinrich@bundestag.de, nadine.heselhaus@bundestag.de, heike.heubach@bundestag.de, jasmina.hostert@bundestag.de, verena.hubertz@bundestag.de, frank.junge@bundestag.de, oliver.kaczmarek@bundestag.de, elisabeth.kaiser@bundestag.de, macit.karaahmetoglu@bundestag.de, franziska.kersten@bundestag.de, helmut.kleebank@bundestag.de, lars.klingbeil@bundestag.de, annika.klose@bundestag.de, tim.kluessendorf@bundestag.de, baerbel.kofler@bundestag.de, anette.kramme@bundestag.de, dunja.kreiser@bundestag.de, martin.kroeber@bundestag.de, karl.lauterbach@bundestag.de, esra-leon.limbacher@bundestag.de, helge.lindh@bundestag.de, bettina.lugk@bundestag.de, tanja.machalet@bundestag.de, isabel.mackensen-geis@bundestag.de, holger.mann@bundestag.de, parsa.marvi@bundestag.de, katja.mast@bundestag.de, kathrin.michel@bundestag.de, matthias.miersch@bundestag.de, matthias.mieves@bundestag.de, claudia.moll@bundestag.de, siemtje.moeller@bundestag.de, rolf.muetzenich@bundestag.de, rasha.nasr@bundestag.de, josephine.ortleb@bundestag.de, mahmut.oezdemir@bundestag.de, aydan.oezoguz@bundestag.de, christos.pantazis@bundestag.de, natalie.pawlik@bundestag.de, jens.peick@bundestag.de, boris.pistorius@bundestag.de, sabine.poschmann@bundestag.de, martin.rabanus@bundestag.de, truels.reichardt@bundestag.de, daniel.rinkert@bundestag.de, dennis.rohde@bundestag.de, sebastian.roloff@bundestag.de, philipp.rottwilm@bundestag.de, thorsten.rudolph@bundestag.de, daniela.rump@bundestag.de, bernd.ruetzel@bundestag.de, johann.saathoff@bundestag.de, johannes.schaetzl@bundestag.de, nina.scheer@bundestag.de, christoph.schmid@bundestag.de, nils.schmid@bundestag.de, dagmar.schmidt@bundestag.de, uwe.schmidt@bundestag.de, carsten.schneider@bundestag.de, olaf.scholz@bundestag.de, johannes.schraps@bundestag.de, michael.schrodi@bundestag.de, svenja.schulze@bundestag.de, frank.schwabe@bundestag.de, stefan.schwartze@bundestag.de, andreas.schwarz@bundestag.de, rita.schwarzeluehr-sutter@bundestag.de, lina.seitzl@bundestag.de, svenja.stadler@bundestag.de, ralf.stegner@bundestag.de, ruppert.stuewe@bundestag.de, michael.thews@bundestag.de, markus.toens@bundestag.de, carsten.traeger@bundestag.de, anja.troff-schaffarzyk@bundestag.de, derya.tuerk-nachbaur@bundestag.de, ingo.vogel@bundestag.de, marja.voellers@bundestag.de, dirk.voepel@bundestag.de, carolin.wagner@bundestag.de, maja.wallstein@bundestag.de, daniel.walter@bundestag.de, carmen.wegge@bundestag.de, dirk.wiese@bundestag.de, serdar.yueksel@bundestag.de, stefan.zierke@bundestag.de, armand.zorn@bundestag.de\n<\/div>\n\n  <div style=\"display:flex; align-items: anchor-center;\">\n    <div style=\"display:inline-block; font-weight: bold;margin-right: 20px; font-size:25px;\">1.<\/div>\n  \n     <button id=\"copyEmail\" class=\"franziBtn\">\n      \ud83d\udccb E-Mail-Adressen kopieren\n      <\/button>\n      <span id=\"copyMsg\" style=\"margin-left:10px;color:#28a745;opacity:0;transition:opacity 0.3s;\">\u2714\ufe0f Kopiert!<\/span>     \n    <\/div>\n\n\n\n      <div style=\"display:flex; align-items: anchor-center;\">\n    <div style=\"display:inline-block; font-weight: bold;margin-right: 20px; opacity: 0; font-size:25px;\">1.<\/div>  \n    <p style=\"margin:12px 0;\">Du hast einen <b>Mac oder iPhone<\/b>? Nutze diesen Button um die E-Mail-Liste zu kopieren:<\/p>    \n    <\/div>\n\n         <div style=\"display:flex; align-items: anchor-center;\">\n    <div style=\"display:inline-block; font-weight: bold;margin-right: 20px; opacity: 0; font-size:25px;\">1.<\/div> \n  \n     <button id=\"copyEmailMac\" class=\"franziBtn\">\n      \ud83d\udccb E-Mail-Adressen kopieren (f\u00fcr Mac \/ iOS)\n      <\/button>\n      <span id=\"copyMsgMac\" style=\"margin-left:10px;color:#28a745;opacity:0;transition:opacity 0.3s;\">\u2714\ufe0f Kopiert!<\/span>     \n    <\/div>\n\n    \n\n    <p style=\"margin-top: 30px\">\n        \ud83d\udc49 Klick auf \u201eE-Mail \u00f6ffnen\u201c: Dein E-Mail-Programm \u00f6ffnet sich automatisch \u2013 mit Betreff und Text schon fertig eingetragen. F\u00fcge jetzt die E-Mail-Adressen in das Empf\u00e4nger-Feld ein.\n    <\/p>\n\n<div style=\"display:flex; align-items: anchor-center;\">\n  <div style=\"display:inline-block; font-weight: bold;margin-right: 20px; font-size:25px;\">2.<\/div>\n <a class=\"franziBtn\"\nhref=\"mailto:?subject=Keine%20Verschlechterung%20der%20Versorgung%20chronisch%20kranker%20Menschen&#038;body=Sehr%20geehrte%20Mitglieder%20der%20SPD-Bundestagsfraktion,%0D%0A%0D%0Adie%20geplante%20Streichung%20der%20Kosten%C3%BCbernahme%20f%C3%BCr%20medizinische%20Cannabisbl%C3%BCten%20w%C3%BCrde%20schwerkranke%20und%20chronisch%20kranke%20Menschen%20massiv%20treffen.%0D%0A%0D%0AW%C3%A4hrend%20wissenschaftliche%20Erkenntnisse%20und%20die%20Erfahrungen%20von%20Patient%3Ainnen%20seit%20Jahren%20eine%20therapeutische%20Wirkung%20belegen,%20wird%20die%20Debatte%20zunehmend%20ideologisch%20gef%C3%BChrt.%20Leidtragende%20sind%20Menschen%20mit%20chronischen%20Schmerzen,%20neurologischen%20Erkrankungen%20und%20anderen%20schweren%20Beschwerden,%20die%20auf%20diese%20Therapie%20angewiesen%20sind.%0D%0A%0D%0ACannabisextrakte%20sind%20kein%20gleichwertiger%20Ersatz.%20Nicht%20alle%20Sorten%20sind%20als%20Extrakte%20verf%C3%BCgbar,%20zudem%20unterscheiden%20sich%20Wirkung%20und%20Vertr%C3%A4glichkeit%20teils%20erheblich.%20Viele%20Betroffene%20profitieren%20ausdr%C3%BCcklich%20von%20Cannabisbl%C3%BCten.%0D%0A%0D%0ABitte%20setzen%20Sie%20sich%20gegen%20diese%20Verschlechterung%20der%20medizinischen%20Versorgung%20ein.%0D%0A%0D%0AMit%20freundlichen%20Gr%C3%BC%C3%9Fen\">\n\u2709\ufe0f E-Mail \u00f6ffnen\n<\/a>\n<\/div>\n<\/div>\n<script>\n    document.getElementById(\"copyEmail\").addEventListener(\"click\", function() {\n        navigator.clipboard.writeText(document.getElementById('spd-mails').innerText)\n        .then(() => {\n          const msg = document.getElementById('copyMsg');\n          msg.style.opacity = '1';\n          setTimeout(() => { msg.style.opacity = '0'; }, 2000);\n        });\n    });\n        document.getElementById(\"copyEmailMac\").addEventListener(\"click\", function() {\n        navigator.clipboard.writeText(document.getElementById('spd-mails-mac').innerText)\n        .then(() => {\n          const msg = document.getElementById('copyMsgMac');\n          msg.style.opacity = '1';\n          setTimeout(() => { msg.style.opacity = '0'; }, 2000);\n        });\n    });\n\n    <\/script>\n\n\n\n<p><br>Du musst nur am Ende des Textes unter &#8222;Mit freundlichen Gr\u00fc\u00dfen&#8220; <strong>deinen Namen einsetzen<\/strong> und weg damit. Fertig! \ud83d\ude80<\/p>\n\n\n\n<p>Wenn das nicht klappt, kannst du den Text unten einfach selbst kopieren und versenden:<\/p>\n\n\n\n<p>&#8212;&#8212;&#8212;&#8212;&#8212;&#8212;&#8212;&#8212;&#8212;&#8212;&#8212;&#8212;&#8212;&#8212;&#8212;&#8212;&#8212;&#8212;&#8212;&#8212;&#8212;&#8212;&#8212;&#8212;&#8212;&#8212;&#8212;&#8212;&#8212;&#8212;&#8212;&#8212;&#8212;&#8212;&#8212;-<\/p>\n\n\n\n<p><strong>Keine Verschlechterung der Versorgung chronisch kranker Menschen<\/strong><\/p>\n\n\n\n<p>Sehr geehrte Mitglieder der SPD-Bundestagsfraktion,<\/p>\n\n\n\n<p>die geplante Streichung der Kosten\u00fcbernahme f\u00fcr medizinische Cannabisbl\u00fcten w\u00fcrde schwerkranke und chronisch kranke Menschen massiv treffen.<\/p>\n\n\n\n<p>W\u00e4hrend wissenschaftliche Erkenntnisse und die Erfahrungen von Patient:innen seit Jahren eine therapeutische Wirkung belegen, wird die Debatte zunehmend ideologisch gef\u00fchrt. Leidtragende sind Menschen mit chronischen Schmerzen, neurologischen Erkrankungen und anderen schweren Beschwerden, die auf diese Therapie angewiesen sind.<\/p>\n\n\n\n<p>Cannabisextrakte sind kein gleichwertiger Ersatz. Nicht alle Sorten sind als Extrakte verf\u00fcgbar, zudem unterscheiden sich Wirkung und Vertr\u00e4glichkeit teils erheblich. Viele Betroffene profitieren ausdr\u00fccklich von Cannabisbl\u00fcten.<\/p>\n\n\n\n<p>Bitte setzen Sie sich gegen diese Verschlechterung der medizinischen Versorgung ein.<\/p>\n\n\n\n<p>Mit freundlichen Gr\u00fc\u00dfen<\/p>\n","protected":false},"excerpt":{"rendered":"<p>Kein Kulturkampf auf dem R\u00fccken von Patient:innen! Die geplante Streichung der Kosten\u00fcbernahme f\u00fcr medizinische Cannabisbl\u00fcten w\u00fcrde vor allem schwerkranke und chronisch kranke Menschen treffen. W\u00e4hrend wissenschaftliche Erkenntnisse ignoriert werden, wird die Debatte zunehmend ideologisch gef\u00fchrt. \ud83d\udfe2 Medizinisches Cannabis ist keine Ideologiefrage.\ud83d\udfe2 Cannabisbl\u00fcten sind nicht einfach durch Extrakte ersetzbar.\ud83d\udfe2 Chronisch kranke Menschen d\u00fcrfen nicht Opfer symbolischer &hellip; <\/p>\n<p class=\"link-more\"><a href=\"https:\/\/csc-nbg.de\/index.php\/kein-kulturkampf\/\" class=\"more-link\"><span class=\"screen-reader-text\">\u201eKein Kulturkampf\u201c <\/span>weiterlesen<\/a><\/p>\n","protected":false},"author":7,"featured_media":0,"parent":0,"menu_order":0,"comment_status":"closed","ping_status":"closed","template":"","meta":{"footnotes":""},"class_list":["post-1141","page","type-page","status-publish","hentry"],"_links":{"self":[{"href":"https:\/\/csc-nbg.de\/index.php\/wp-json\/wp\/v2\/pages\/1141","targetHints":{"allow":["GET"]}}],"collection":[{"href":"https:\/\/csc-nbg.de\/index.php\/wp-json\/wp\/v2\/pages"}],"about":[{"href":"https:\/\/csc-nbg.de\/index.php\/wp-json\/wp\/v2\/types\/page"}],"author":[{"embeddable":true,"href":"https:\/\/csc-nbg.de\/index.php\/wp-json\/wp\/v2\/users\/7"}],"replies":[{"embeddable":true,"href":"https:\/\/csc-nbg.de\/index.php\/wp-json\/wp\/v2\/comments?post=1141"}],"version-history":[{"count":10,"href":"https:\/\/csc-nbg.de\/index.php\/wp-json\/wp\/v2\/pages\/1141\/revisions"}],"predecessor-version":[{"id":1151,"href":"https:\/\/csc-nbg.de\/index.php\/wp-json\/wp\/v2\/pages\/1141\/revisions\/1151"}],"wp:attachment":[{"href":"https:\/\/csc-nbg.de\/index.php\/wp-json\/wp\/v2\/media?parent=1141"}],"curies":[{"name":"wp","href":"https:\/\/api.w.org\/{rel}","templated":true}]}}